digit of w(l)?
4
Suppose 26684 + 8355 = 5*g + 7*k, 0 = 5*g + 3*k - 35051. What is the units digit of g?
2
Let k be (-8)/(32/(-12)) - 1. Suppose 0 = k*g - 217 - 381. Suppose 4*y + g = 5*t, -5*y + 272 = 2*t + 2*t. What is the tens digit of t?
6
Let n(z) = z**2 - 2*z + 20. Suppose 3*a - 5 = 5*t - 14, -4*a - t = -11. Let c(k) = 4*k**2 - 2*k. Let u be c(a). What is the units digit of n(u)?
0
Suppose -65 - 90 = -5*g. Let v = g + -28. Suppose 2*y - 357 = -4*d - v*y, 288 = 3*d - 3*y. What is the tens digit of d?
9
Let f be (40/(-6))/(44/(-1650)). Let r be (-3)/9 - f/(-3). Let l = r + -45. What is the tens digit of l?
3
Suppose 0 = 3*q + 2*n - 935, -10*q + 5*q - 3*n = -1557. Suppose 0 = 6*j - 4395 + q. What is the hundreds digit of j?
6
Suppose 6*p + 6 = 8*p. Let u(b) = 18*b**2 + 2*b + 7. Let k be u(4). Suppose p*n = -n - v + k, v = -5. What is the tens digit of n?
7
Let k(x) = -3*x**2 - 6*x - 7. Let y be k(-2). Let a = -4 - y. Suppose -a*z = w - 78, 0 = -3*z - 0*z. What is the units digit of w?
8
Let d(y) = 5*y**2 - 14*y + 22. Let r be d(4). What is the tens digit of 0 + -2 + (r - 18)?
2
Let y = 119 - 188. Suppose 0 = -3*o + 242 - 596. Let z = y - o. What is the units digit of z?
9
Suppose -11*m + 533575 = -2*m + 5*r, 2*m - 2*r - 118566 = 0. What is the units digit of m?
5
Let z(i) = 1987*i**2 - 266*i + 806. What is the ten thousands digit of z(3)?
1
Let w(d) = -9*d**2 + 21*d + 14. Let y(z) be the first derivative of z**3/3 - z**2/2 - z + 13. Let p(r) = -w(r) - 6*y(r). What is the tens digit of p(7)?
3
Suppose -11*w = -5*w - 18. Suppose -59 - 87 = 4*m - z, -w*z = -4*m - 150. What is the units digit of 1 + 12 + m/9?
9
Let h = -547 - -549. Suppose -h*b = t - 3*t - 382, 0 = 3*b - 5*t - 581. What is the tens digit of b?
8
Suppose 4*s - 10*s - 101616 = -54*s. What is the thousands digit of s?
2
Suppose 2*t + 19 = 9. Let l be 1/(1/(-395)*t). Let a = l - 29. What is the units digit of a?
0
Suppose 0 = -5*c, -6*c + 123 = j - 9*c. What is the units digit of j?
3
Let c = 668 + -1466. Let h = c + 1679. What is the tens digit of h?
8
Let j(i) = -18*i - 2. Suppose 242*t + 18 = 241*t. What is the hundreds digit of j(t)?
3
Let v(u) = 15 + 26 + 1 - 2 - u. Let c be v(10). Suppose 9*a = 7*a + c. What is the tens digit of a?
1
Suppose -5*j + 3*s = -149, 5*j - 73 = 2*s + 73. Suppose 2*u + 21 = -3*b, -5*b = u - 7*b + j. Let z = 62 - u. What is the units digit of z?
0
Suppose 5 - 5 = 11*s. Suppose -m - 468 + 1501 = s. What is the thousands digit of m?
1
Suppose 4*p + 1 = 3*n - 2, 0 = 5*n + p - 28. Suppose 507 + 923 = n*w. Let m = 435 - w. What is the tens digit of m?
4
Suppose 32*d - 4*d = 6*d + 8052. What is the units digit of d?
6
Let b be (1738 + 2)*27/12. What is the hundreds digit of -7 + b/(-1 + 6)?
7
Let o = -4133 + 7589. Suppose -21*j = -5*j - o. What is the tens digit of j?
1
Let m = -41 + 77. Let s be (25/15)/((-1)/m). What is the tens digit of (2/10 - (-1772)/s)*-3?
8
Let z(i) = 7481*i - 6321. What is the ten thousands digit of z(6)?
3
Suppose -3*p + 4*d - 26309 = -234974, 4*p - d = 278207. What is the units digit of p?
1
Let l(h) be the second derivative of -h**5/20 - 8*h**4/3 + 17*h**3/3 + 43*h**2 - 154*h. What is the tens digit of l(-34)?
4
Let j = 84 - 75. Suppose -j*u = -3*z - 7*u + 1549, 4*z - 2069 = -u. What is the hundreds digit of z?
5
Let c = -924 + 1652. Let v = -173 + c. What is the units digit of v?
5
Let k be ((-3)/(-8))/((-7)/(-56)*1). What is the tens digit of (-10*k)/(9 - (-87)/(-9))?
4
Suppose -n = -2*y + 218, 15*n - 14*n + y = -206. Let m = 58 + -143. Let o = m - n. What is the tens digit of o?
2
Let b(z) be the first derivative of -z**2/2 + 10*z + 8. Let v be b(16). Let j(w) = -8*w + 5. What is the tens digit of j(v)?
5
Suppose 0 = -3*i + h + 35692 + 20981, 4*h - 18878 = -i. What is the tens digit of ((-3)/(-2))/(11 - i/1720)?
8
Let h be (-612)/(-10) - (-1)/(-5). What is the units digit of (168/(-5))/(h/(-610))?
6
Let u = -936 - -1497. Suppose 0 = 4*q - 5*t - u, 2*t + 135 = q + 6*t. Suppose -5*v - 412 = -3*c, 0 = c - 0*v - 2*v - q. What is the hundreds digit of c?
1
Let w = -14 - -28. Suppose 30 = 4*s + w. What is the units digit of ((2 - s)/(-2))/((-14)/(-1316))?
4
Let a(k) = 14*k + 134. Let t be a(19). Suppose 2*d - 4*n - t = 0, 196 - 1035 = -4*d - 5*n. What is the units digit of d?
6
Suppose -3*v - 3673 = -4*b, 0 = 2*b - 4*v - 2132 + 298. What is the tens digit of b?
1
Let q(x) be the third derivative of x**4/6 + 8*x**3/3 - 20*x**2. Let o be q(-26). Let b = o + 239. What is the tens digit of b?
5
Suppose 0 = -5*x + k + 70191, -44*k = 2*x - 45*k - 28077. What is the ten thousands digit of x?
1
Let g(u) = 30*u**2 + 3*u + 349. What is the units digit of g(32)?
5
Let h(o) = o**3 - 4*o**2 + 5*o - 2. Let j be h(3). Suppose 0 = 5*y + 5*g + 645, -y - 3*g - 131 = -j*g. Let z = y + 246. What is the hundreds digit of z?
1
Let j(i) = 2*i**3 + 4*i - 3. Let t be j(2). Let q(r) = -19 - t + 18*r + 55 + 2*r**2. What is the units digit of q(-12)?
7
Let a = -59 - -64. Suppose 2840 = a*q - 3*o, 2*o = 46*q - 47*q + 581. What is the hundreds digit of q?
5
Let w(n) be the third derivative of 1/24*n**4 + 0*n**5 - 6*n**2 + 0 - 1/120*n**6 + 0*n + 97/6*n**3. What is the units digit of w(0)?
7
Suppose -5*q = -k - 13823, q - 5*k = 3847 - 1068. What is the thousands digit of q?
2
Let v be 4/((-4)/(-3)) + (-1114)/2. Let p = -382 - v. Let g = p - 94. What is the tens digit of g?
7
Let b be ((-10)/3)/(20/(-72)). What is the tens digit of 1141/(-21)*b/(-1)?
5
Let m = 1164 + -473. Suppose 0*h + 3 = h, m = 2*z + h. What is the hundreds digit of z?
3
Let l = 15705 + -6744. What is the units digit of l?
1
Let v(a) be the third derivative of -a**6/120 + a**5/30 - a**4/24 + a**3 + 28*a**2. Let k be v(4). What is the units digit of (-1 - k)/(10/50)?
5
Let v be (-67158)/(-27) + (-2)/(-3). Suppose 15*q = 1712 + v. What is the tens digit of q?
8
Let s = 2182 - 1459. Suppose a + 200 - s = 0. What is the units digit of a?
3
Suppose 3*x + 3*c = 75, 0*c = 3*x - c - 95. Let n = 308 - x. Let p = n - 180. What is the tens digit of p?
9
Suppose 5*m + 97 = -f, 5*m - 83 - 208 = 3*f. What is the hundreds digit of (1 + f)/((-4)/16)?
3
Suppose -230828 = -21*p + 290854. What is the ten thousands digit of p?
2
Suppose 13*c = 16*c - 48. Suppose 0 = -c*p - 289 + 1681. What is the tens digit of p?
8
What is the units digit of (-5 - -52636) + -36 - 8/(-1)?
3
Let r = -321 + 323. Let b(d) be the first derivative of 7*d**3/3 + 3*d**2/2 - 6*d - 5. What is the tens digit of b(r)?
2
Let d = 23 - 41. Let l(b) = -b**3 - 5*b**2 + 11*b + 26. Let k be l(-7). Let y = d + k. What is the tens digit of y?
2
Let q = 11898 + -3791. What is the thousands digit of q?
8
Let w(i) = -2*i + 25. Let v be w(10). Suppose 4*t + 7*m - 1348 = v*m, 3*t + 2*m = 1011. What is the units digit of t?
7
Suppose 7*v = 4*v - 9. Let c be -4276*v/84 + (-2)/(-7). Suppose 467 = 2*x + c. What is the hundreds digit of x?
1
Suppose -24*c + 28*c - 16 = 0. Suppose 3*q + 31 = 2*g, -c*g + 0*q = -q - 47. Suppose 0 = -g*h + 8*h + 12. What is the units digit of h?
4
Let c = -9 - -355. Suppose 5*l - 5*d = 1500, 5*d = 3*l + c - 1240. What is the hundreds digit of l?
3
Suppose 5 = y - g, 0*y - 2*g - 31 = -5*y. Suppose 0 = o + y*o. Suppose 5*c - 768 = -n, 4*n + o = -8. What is the units digit of c?
4
Suppose 6*x - x + 671 = 2*d, -4*x = 2*d - 662. Suppose -a - 2*j + d = -0*a, -4*j = 5*a - 1635. Let g = a - 222. What is the units digit of g?
1
Let x(b) = -117 + 33*b + 3*b - 17*b + 1. What is the units digit of x(19)?
5
Let u(n) = 193*n + 29. Let y be u(2). Let a = -195 + y. What is the units digit of a?
0
Suppose 0 = -z + 5*n + 5745, 21 = -4*n + 5. What is the thousands digit of z?
5
Suppose 21*z + 0*z - 315 = 0. Suppose 0 = z*v - 11409 + 1509. What is the hundreds digit of v?
6
Let g(w) = 19*w**2 + 4*w - 5. Let f be g(-4). Let l(j) = -j**3 - 17*j**2 - 8*j - 8. Let s be l(-16). Let d = f + s. What is the tens digit of d?
4
Suppose -6120 - 60826 = -11*i. Suppose -11*q = 1840 - i. What is the hundreds digit of q?
3
Suppose -5*a = -18*a. Suppose 2*d = -3*g - 36 + 330, -3*d - 5*g + 442 = a. What is the units digit of d?
4
What is the units digit of (2 - (21/6 - 1)) + 2167011/118?
4
Let g(a) = -1127*a**2 + a**3 + 2288*a**2 - 63 - 19*a - 1144*a**2. What is th